{"id":30869,"date":"2021-09-22T11:26:54","date_gmt":"2021-09-22T15:26:54","guid":{"rendered":"https:\/\/ecoledamelie.com\/?page_id=30869"},"modified":"2026-04-30T14:59:43","modified_gmt":"2026-04-30T18:59:43","slug":"inscription","status":"publish","type":"page","link":"https:\/\/ecoledamelie.com\/primaire\/inscription\/","title":{"rendered":"Inscription"},"content":{"rendered":"<div class=\"wpb-content-wrapper\"><p>[vc_row full_width=\"stretch_row_content\"][vc_column offset=\"vc_col-lg-12\"][layerslider_vc id=\"1\"][\/vc_column][\/vc_row][vc_row full_width=\"stretch_row\"][vc_column offset=\"vc_col-lg-12\"][vc_custom_heading text=\"D\u00e9couvrez le programme d'\u00e9cole \u00e0 la maison pour le primaire\" font_container=\"tag:h1|text_align:center\" use_theme_fonts=\"yes\"][vc_column_text css_animation=\"bottom-to-top\"]<\/p>\n<p style=\"text-align: center;\"><span style=\"font-weight: 400; color: #e04f39;\">Le programme couvre une p\u00e9riode de 32 semaines. Vous pouvez vous y joindre \u00e0 tout moment.<\/span><\/p>\n<p><span style=\"color: #000000;\">Une infolettre vous avisant que le contenu du mois prochain est en ligne est envoy\u00e9e 15 jours avant le d\u00e9but de chaque mois. En vous connectant \u00e0 votre compte, <span style=\"font-weight: 400;\">vous pouvez visualiser le programme et les activit\u00e9s propos\u00e9es pour le mois, le tout s\u00e9par\u00e9 par mati\u00e8res.<br \/>\n<\/span><\/span><\/p>\n<p><span style=\"color: #000000;\"><span style=\"font-weight: 400;\">En cliquant sur la semaine d\u00e9sir\u00e9e, vous aurez acc\u00e8s \u00e0 tous les exercices et ateliers propos\u00e9s. <strong>Pas de cahiers d'activit\u00e9s \u00e0 se procurer, on r\u00e9alise des projets motivants en mettant en application les notions prescrites gr\u00e2ce aux carnets de projets con\u00e7us par Mme Am\u00e9lie.<\/strong> Vous n'avez pas non plus de mat\u00e9riel sp\u00e9cifique \u00e0 vous procurer, on r\u00e9cup\u00e8re et on invente \u00e0 partir de ce que nous avons \u00e0 la maison.<\/span><\/span><\/p>\n<p><span style=\"color: #000000;\"><span style=\"font-weight: 400;\">Comme les notions du PFEQ (Programme de Formation de l'\u00c9cole Qu\u00e9b\u00e9coise) sont divis\u00e9es par cycle, votre abonnement correspond \u00e0 un cycle. <a href=\"https:\/\/ecoledamelie.com\/services\/je-mabonne-secondaire\/\">Le programme pour le secondaire 1 et 2<\/a> est aussi disponible. Si vous avez besoin de plusieurs abonnements, nous offrons un <strong>rabais de 10% pour chaque abonnement suppl\u00e9mentaire<\/strong>. Une fois votre premier abonnement effectu\u00e9, vous recevrez le code promo pour le rabais dans le courriel de confirmation.<\/span><\/span><span style=\"color: #0000ff;\">\u00a0<\/span>[\/vc_column_text][vc_custom_heading text=\"programme d'\u00e9cole \u00e0 la maison inscription\" font_container=\"tag:h3|text_align:center|color:%23ffffff\" use_theme_fonts=\"yes\"][vc_column_text]<\/p>\n<div class=\"title-h3\" style=\"text-align: center;\"><span style=\"color: #e04f39;\">En tout temps, il est possible de passer \u00e0 un abonnement sup\u00e9rieur et de <\/span><span style=\"color: #e04f39;\">recevoir <\/span><span style=\"color: #e04f39;\">un cr\u00e9dit pour le montant d\u00e9j\u00e0 d\u00e9bours\u00e9!<\/span><\/div>\n<p style=\"text-align: center;\">L'option est disponible sous l'onglet <a href=\"https:\/\/ecoledamelie.com\/mon-profil\/\">Mon profil <\/a>de votre espace membre.<\/p>\n<p>[\/vc_column_text][\/vc_column][\/vc_row][vc_row disable_element=\"yes\" thegem_shadow_color=\"rgba(0,0,0,0.15)\" thegem_enable_shadow=\"true\" css=\".vc_custom_1756826843662{background-color: #44bdee !important;background-position: center !important;background-repeat: no-repeat !important;background-size: contain !important;border-radius: 20px !important;border-color: #e04f39 !important;}\"][vc_column width=\"1\/4\" thegem_content_alignment=\"right\"][vc_images_carousel images=\"100194,100189,100191,100192,100188,100190,100187,100193\" img_size=\"medium\" autoplay=\"yes\" hide_prev_next_buttons=\"yes\" wrap=\"yes\" css=\"\"][\/vc_column][vc_column width=\"3\/4\"][vc_empty_space height=\"80px\"][vc_column_text css=\"\" css_animation=\"bottom-to-top\"]<\/p>\n<h2 class=\"title-h2\" style=\"text-align: left;\"><span style=\"color: #ffffff;\"><span style=\"caret-color: #ffffff;\">Cadeau de la rentr\u00e9e avec tout abonnement annuel!\u00a0<\/span><\/span><\/h2>\n<p><span style=\"color: #ffffff;\">Aucun code promo requis<\/span><\/p>\n<p><span style=\"color: #ffffff;\">Faites vite! Les quantit\u00e9s sont limit\u00e9es.<\/span>[\/vc_column_text][\/vc_column][\/vc_row][vc_row disable_element=\"yes\" thegem_shadow_color=\"rgba(0,0,0,0.15)\" thegem_enable_shadow=\"true\" css=\".vc_custom_1751897798074{background-color: #44bdee !important;background-position: center !important;background-repeat: no-repeat !important;background-size: contain !important;border-radius: 20px !important;border-color: #e04f39 !important;}\"][vc_column width=\"1\/2\"][vc_single_image image=\"99285\" img_size=\"large\" style=\"vc_box_rounded\" css=\"\"][\/vc_column][vc_column width=\"1\/2\"][vc_empty_space height=\"80px\"][vc_column_text css=\"\" css_animation=\"bottom-to-top\"]<\/p>\n<h2 class=\"title-h2\" style=\"text-align: center;\"><span style=\"color: #ffffff;\">OFFRE DE LANCEMENT!<\/span><\/h2>\n<div class=\"title-h4\"><span style=\"color: #ffffff;\">Partez en vacances la t\u00eate compl\u00e8tement libre en profitant de la promo <strong>BONNESVACANCES<\/strong> pour r\u00e9server votre abonnement pour 2025-2026! Vous recevrez le<\/span> <span style=\"color: #e04f39;\">premier mois de l'abonnement annuel gratuitement<\/span><span style=\"color: #ffffff;\">. L'offre est aussi applicable sur les autres forfaits.<\/span><\/div>\n<div><span style=\"color: #ffffff;\">*Faites vite, l'offre prend fin le 5 juillet 2025, 23h.<\/span><\/div>\n<p>[\/vc_column_text][\/vc_column][\/vc_row][vc_row disable_element=\"yes\" thegem_shadow_color=\"rgba(0,0,0,0.15)\" thegem_enable_shadow=\"true\" css=\".vc_custom_1735786148050{background-color: #44bdee !important;background-position: center !important;background-repeat: no-repeat !important;background-size: contain !important;border-radius: 20px !important;border-color: #e04f39 !important;}\"][vc_column width=\"1\/3\"][\/vc_column][vc_column width=\"1\/3\"][vc_single_image image=\"99782\" img_size=\"large\" style=\"vc_box_rounded\" css=\"\"][\/vc_column][vc_column width=\"1\/3\"][\/vc_column][\/vc_row][vc_row full_width=\"stretch_row\" css_animation=\"none\" css=\".vc_custom_1686014151718{background-position: center !important;background-repeat: no-repeat !important;background-size: cover !important;}\" el_class=\"subscribe\"][vc_column]<div class=\"pricing-table row inline-row inline-row-center pricing-table-style-3 button-icon-default\" >\n\t<div class=\"pricing-column-wrapper col-md-4 col-sm-4 col-xs-6  inline-column\"><div class=\"pricing-column\">\n\t <div class=\"pricing-price-row  \"  style=\" background-color: #e04f39; color:#ffffff; \">\n\n\t\t<div class=\"pricing-price-title-wrapper\">\n\t\t<div style=color:#1d2669  class=\"pricing-price-title\">Mensuel<\/div>\n\t\t<div  class=\"pricing-price-subtitle\">par cycle<\/div>\n\t\t<\/div>\n\n\t\t<div class=\"pricing-price-wrapper\"><div class=\"pricing-price\" style=\" background-color: #e04f39; \"><div style=\" color:#ffffff; \" class=\"pricing-cost\">85$<\/div><div  class=\"time\" style= display:inline-block;color:#ffffff;>\/mois<\/div><\/div><\/div><svg style='fill:#e04f39' class=\"wrap-style\"><use xlink:href=https:\/\/ecoledamelie.com\/primaire\/wp-content\/themes\/thegem\/css\/post-arrow.svg#dec-post-arrow \/><\/use><\/svg><\/div><figure class=\"pricing-row\"><span style=\"color: #000000;\">\u2713 Mois en cours, abonnement de 30 jours<\/span><\/figure><figure class=\"pricing-row\"><span style=\"color: #000000;\">\u2713 1 cycle au choix (1er cycle, 2e cycle ou 3e cycle)<\/span><\/figure><figure class=\"pricing-row\"><span style=\"color: #000000;\">\u2713 Renouvelable<\/span><\/figure><figure class=\"pricing-row\"><span style=\"color: #000000;\">\u2713 1 th\u00e9matique<\/span><\/figure><figure class=\"pricing-row\">\u2713 4 semaines du cycle choisi<\/figure><figure class=\"pricing-row\">\u2713 Acc\u00e8s au groupe de discussion priv\u00e9<\/figure><div class=\"pricing-footer\"><div class=\"gem-button-container gem-button-position-center thegem-button-6a0073806350a2018    \"  ><a title=\"Inscription mensuelle\" class=\"gem-button gem-button-size-medium gem-button-style-outline gem-button-text-weight-normal gem-button-border-2\" data-ll-effect=\"drop-right-without-wrap\" style=\"border-radius: 3px;\" onmouseleave=\"\" onmouseenter=\"\" href=\"\/primaire\/inscription-level-1-mensuel\" target=\"_self\">Je m&#039;abonne<\/a><\/div> <\/div><\/div><\/div>\n\t<div class=\"pricing-column-wrapper col-md-4 col-sm-4 col-xs-6  inline-column\"><div class=\"pricing-column\">\n\t <div class=\"pricing-price-row  \"  style=\" background-color: #e04f39; color:#ffffff; \">\n\n\t\t<div class=\"pricing-price-title-wrapper\">\n\t\t<div style=color:#1d2669  class=\"pricing-price-title\">Trimestriel<\/div>\n\t\t<div  class=\"pricing-price-subtitle\">par cycle<\/div>\n\t\t<\/div>\n\n\t\t<div class=\"pricing-price-wrapper\"><div class=\"pricing-price\" style=\" background-color: #e04f39; \"><div style=\" color:#ffffff; \" class=\"pricing-cost\">235$<\/div><div  class=\"time\" style= display:inline-block;color:#ffffff;>\/trimestre<\/div><\/div><\/div><svg style='fill:#e04f39' class=\"wrap-style\"><use xlink:href=https:\/\/ecoledamelie.com\/primaire\/wp-content\/themes\/thegem\/css\/post-arrow.svg#dec-post-arrow \/><\/use><\/svg><\/div><figure class=\"pricing-row\">\u2713 1 trimestre au choix<\/figure><figure class=\"pricing-row\">\u2713 Contenu accessible jusqu'au 15 juin de l'ann\u00e9e en cours<\/figure><figure class=\"pricing-row\">\u2713 1 cycle au choix (1er cycle, 2e cycle ou 3e cycle)<\/figure><figure class=\"pricing-row\">\u2713 Renouvelable<\/figure><figure class=\"pricing-row\">\u2713 3 th\u00e9matiques<\/figure><figure class=\"pricing-row\">\u2713 12 semaines du cycle choisi<\/figure><figure class=\"pricing-row\">\u2713 Acc\u00e8s au groupe de discussion priv\u00e9<\/figure><div class=\"pricing-footer\"><div class=\"gem-button-container gem-button-position-center thegem-button-6a007380635ce7102    \"  ><a title=\"Inscription trimestrielle\" class=\"gem-button gem-button-size-medium gem-button-style-outline gem-button-text-weight-normal gem-button-border-2\" data-ll-effect=\"drop-right-without-wrap\" style=\"border-radius: 3px;\" onmouseleave=\"\" onmouseenter=\"\" href=\"\/primaire\/inscription-level-2-trimestre-tri1\" target=\"_self\">sept-oct-nov<\/a><\/div> <\/div><div class=\"pricing-footer\"><div class=\"gem-button-container gem-button-position-center thegem-button-6a007380636091926    \"  ><a title=\"Inscription trimestrielle\" class=\"gem-button gem-button-size-medium gem-button-style-outline gem-button-text-weight-normal gem-button-border-2\" data-ll-effect=\"drop-right-without-wrap\" style=\"border-radius: 3px;\" onmouseleave=\"\" onmouseenter=\"\" href=\"\/primaire\/inscription-level-2-trimestre-tri2\" target=\"_self\">d\u00e9c-jan-f\u00e9v<\/a><\/div> <\/div><div class=\"pricing-footer\"><div class=\"gem-button-container gem-button-position-center thegem-button-6a007380636331038    \"  ><a title=\"Inscription trimestrielle\" class=\"gem-button gem-button-size-medium gem-button-style-outline gem-button-text-weight-normal gem-button-border-2\" data-ll-effect=\"drop-right-without-wrap\" style=\"border-radius: 3px;\" onmouseleave=\"\" onmouseenter=\"\" href=\"\/primaire\/inscription-level-2-trimestre-tri3\" target=\"_self\">mrs-avr-mai<\/a><\/div> <\/div><\/div><\/div>\n\t<div class=\"pricing-column-wrapper col-md-4 col-sm-4 col-xs-6  inline-column\"><div   class=\"pricing-column-top-choice\"><svg class=\"svg_pricing\" ><use xlink:href=https:\/\/ecoledamelie.com\/primaire\/wp-content\/themes\/thegem\/images\/star.svg#star><\/use><\/svg>\n\t\t<div  class=\"pricing-column-top-choice-text\">Optimal<\/div><\/div><div class=\"pricing-column\">\n\t <div class=\"pricing-price-row  \"  style=\" background-color: #e04f39; color:#ffffff; \">\n\n\t\t<div class=\"pricing-price-title-wrapper\">\n\t\t<div style=color:#e04f39  class=\"pricing-price-title\">Annuel<\/div>\n\t\t<div  class=\"pricing-price-subtitle\">par cycle<\/div>\n\t\t<\/div>\n\n\t\t<div class=\"pricing-price-wrapper\"><div class=\"pricing-price\" style=\" background-color: #e04f39; \"><div style=\" color:#ffffff; \" class=\"pricing-cost\">575$<\/div><div  class=\"time\" style= display:inline-block;color:#ffffff;>\/ann\u00e9e<\/div><\/div><\/div><svg style='fill:#e04f39' class=\"wrap-style\"><use xlink:href=https:\/\/ecoledamelie.com\/primaire\/wp-content\/themes\/thegem\/css\/post-arrow.svg#dec-post-arrow \/><\/use><\/svg><\/div><figure class=\"pricing-row\">\u2713 1 ann\u00e9e de septembre \u00e0 mai<\/figure><figure class=\"pricing-row\">\u2713 Contenu accessible en int\u00e9gralit\u00e9 jusqu'au 15 juin de l'ann\u00e9e en cours<\/figure><figure class=\"pricing-row\">\u2713 1 cycle au choix (1er cycle, 2e cycle ou 3e cycle)<\/figure><figure class=\"pricing-row\">\u2713 Renouvelable<\/figure><figure class=\"pricing-row\">\u2713 9 th\u00e9matiques<\/figure><figure class=\"pricing-row\">\u2713 32 semaines du cycle choisi<\/figure><figure class=\"pricing-row\">\u2713 Projet d'apprentissage \u00e0 envoyer \u00e0 la DEM (Direction de l'Enseignement \u00e0 la Maison)<\/figure><figure class=\"pricing-row\">\u2713 Acc\u00e8s au guide pour compl\u00e9ter les bilans en cours d'ann\u00e9e (\u00e0 remettre \u00e0 la DEM)<\/figure><figure class=\"pricing-row\">\u2713 Une \u00e9conomie de 21$\/mois par rapport au tarif mensuel<\/figure><figure class=\"pricing-row\">\u2713 \u00c9valuation annuelle disponible au tarif sp\u00e9cial \u00ab membres annuels \u00bb<\/figure><figure class=\"pricing-row\">\u2713Acc\u00e8s au groupe de discussion priv\u00e9<\/figure><div class=\"pricing-footer\"><div class=\"gem-button-container gem-button-position-center thegem-button-6a007380636ad286    \"  ><a title=\"Inscription annuelle\" class=\"gem-button gem-button-size-medium gem-button-style-outline gem-button-text-weight-normal gem-button-border-2\" data-ll-effect=\"drop-right-without-wrap\" style=\"border-radius: 3px;\" onmouseleave=\"\" onmouseenter=\"\" href=\"\/primaire\/inscription-level-3-annuel\" target=\"_self\">Je m&#039;abonne<\/a><\/div> <\/div><\/div><\/div><\/div>[vc_row_inner][vc_column_inner][vc_empty_space]<style>.thegem-custom-6a007380636f09047 .gem-icon-half-1 {color: #00bcd4;}.thegem-custom-6a007380636f09047 .gem-icon-half-2 {color: #00bcd4;}.thegem-custom-6a007380636f09047 .gem-icon-style-gradient .back-angle {background: linear-gradient( to bottom, #00bcd4, ); -webkit-text-fill-color: transparent; -webkit-background-clip: text;}.thegem-custom-6a007380636f09047 .gem-icon  {font-size: 48px;}.thegem-custom-6a007380636f09047 .gem-icon:not(.gem-simple-icon) .gem-icon-inner {width: 72px; height: 72px; line-height: 72px;}.thegem-custom-6a007380636f09047 .gem-icon.gem-simple-icon {width: 48px; height: 48px; line-height: 48px;}.gem-infotext.thegem-custom-6a007380636f09047 .gem-infotext-icon {margin-right:8px !important;}.gem-infotext.thegem-custom-6a007380636f09047 .title-customize {color:#41B6E6FF !important;}.gem-infotext.thegem-custom-6a007380636f09047 .subtitle-customize {margin-top:-7px !important;}<\/style><div class=\"gem-infotext alignment-left thegem-custom-6a007380636f09047\" style=\"\"> <a href=\"https:\/\/ecoledamelie.com\/programme-primaire\/\" target=\"_self\" title=\"Programme 2024-2025 \u2013 primaire\" class=\"gem-infotext-wrap position--left vertical--center\" aria-label=\"Lire la suite\"> <div class=\"gem-infotext-icon\"> <div class=\"gem-icon gem-simple-icon gem-icon-pack-thegem-header gem-icon-size-custom\"> <div class=\"gem-icon-inner\"><span class=\"gem-icon-half-1\"><span class=\"back-angle\">&#xe60b;<\/span><\/span><span class=\"gem-icon-half-2\"><span class=\"back-angle\">&#xe60b;<\/span><\/span><\/div> <\/div> <\/div> <div class=\"gem-infotext\"> <div class=\"gem-infotext__subtitle\"> <div class=\"subtitle-customize title-h3\" style=\"\"> Voir les th\u00e8mes 2026-2027 primaire <\/div> <\/div> <\/div> <\/a> <\/div>[\/vc_column_inner][\/vc_row_inner][vc_empty_space height=\"80\"][vc_column_text]<\/p>\n<p style=\"text-align: center;\"><em>Satisfaction garantie ou argent remis!<\/em><\/p>\n<div class=\"small-body\" style=\"text-align: center;\">Pour tous les d\u00e9tails, consultez <a href=\"https:\/\/ecoledamelie.com\/conditions-generales-de-vente\/\">nos conditions g\u00e9n\u00e9rales<\/a>.<\/div>\n<p>[\/vc_column_text][\/vc_column][\/vc_row]<\/p>\n<\/div>","protected":false},"excerpt":{"rendered":"<p>[vc_row full_width=\u00a0\u00bbstretch_row_content\u00a0\u00bb][vc_column offset=\u00a0\u00bbvc_col-lg-12&Prime;][layerslider_vc id=\u00a0\u00bb1&Prime;][\/vc_column][\/vc_row][vc_row full_width=\u00a0\u00bbstretch_row\u00a0\u00bb][vc_column offset=\u00a0\u00bbvc_col-lg-12&Prime;][vc_custom_heading text=\u00a0\u00bbD\u00e9couvrez le programme d&rsquo;\u00e9cole \u00e0 la maison pour le primaire\u00a0\u00bb font_container=\u00a0\u00bbtag:h1|text_align:center\u00a0\u00bb use_theme_fonts=\u00a0\u00bbyes\u00a0\u00bb][vc_column_text css_animation=\u00a0\u00bbbottom-to-top\u00a0\u00bb] Le&#8230;<\/p>\n","protected":false},"author":1,"featured_media":0,"parent":0,"menu_order":5,"comment_status":"closed","ping_status":"closed","template":"","meta":{"_acf_changed":false,"footnotes":""},"class_list":["post-30869","page","type-page","status-publish"],"acf":[],"yoast_head":"<!-- This site is optimized with the Yoast SEO plugin v27.4 - https:\/\/yoast.com\/product\/yoast-seo-wordpress\/ -->\n<title>Inscription - Primaire<\/title>\n<meta name=\"robots\" content=\"index, follow, max-snippet:-1, max-image-preview:large, max-video-preview:-1\" \/>\n<link rel=\"canonical\" href=\"https:\/\/ecoledamelie.com\/primaire\/inscription\/\" \/>\n<meta property=\"og:locale\" content=\"fr_FR\" \/>\n<meta property=\"og:type\" content=\"article\" \/>\n<meta property=\"og:title\" content=\"Inscription - Primaire\" \/>\n<meta property=\"og:description\" content=\"[vc_row full_width=&quot;stretch_row_content&quot;][vc_column offset=&quot;vc_col-lg-12&quot;][layerslider_vc id=&quot;1&quot;][\/vc_column][\/vc_row][vc_row full_width=&quot;stretch_row&quot;][vc_column offset=&quot;vc_col-lg-12&quot;][vc_custom_heading text=&quot;D\u00e9couvrez le programme d&#039;\u00e9cole \u00e0 la maison pour le primaire&quot; font_container=&quot;tag:h1|text_align:center&quot; use_theme_fonts=&quot;yes&quot;][vc_column_text css_animation=&quot;bottom-to-top&quot;] Le...\" \/>\n<meta property=\"og:url\" content=\"https:\/\/ecoledamelie.com\/primaire\/inscription\/\" \/>\n<meta property=\"og:site_name\" content=\"Primaire\" \/>\n<meta property=\"article:modified_time\" content=\"2026-04-30T18:59:43+00:00\" \/>\n<meta name=\"twitter:card\" content=\"summary_large_image\" \/>\n<meta name=\"twitter:label1\" content=\"Dur\u00e9e de lecture estim\u00e9e\" \/>\n\t<meta name=\"twitter:data1\" content=\"4 minutes\" \/>\n<script type=\"application\/ld+json\" class=\"yoast-schema-graph\">{\"@context\":\"https:\\\/\\\/schema.org\",\"@graph\":[{\"@type\":\"WebPage\",\"@id\":\"https:\\\/\\\/ecoledamelie.com\\\/primaire\\\/inscription\\\/\",\"url\":\"https:\\\/\\\/ecoledamelie.com\\\/primaire\\\/inscription\\\/\",\"name\":\"Inscription - Primaire\",\"isPartOf\":{\"@id\":\"https:\\\/\\\/ecoledamelie.com\\\/primaire\\\/#website\"},\"datePublished\":\"2021-09-22T15:26:54+00:00\",\"dateModified\":\"2026-04-30T18:59:43+00:00\",\"breadcrumb\":{\"@id\":\"https:\\\/\\\/ecoledamelie.com\\\/primaire\\\/inscription\\\/#breadcrumb\"},\"inLanguage\":\"fr-FR\",\"potentialAction\":[{\"@type\":\"ReadAction\",\"target\":[\"https:\\\/\\\/ecoledamelie.com\\\/primaire\\\/inscription\\\/\"]}]},{\"@type\":\"BreadcrumbList\",\"@id\":\"https:\\\/\\\/ecoledamelie.com\\\/primaire\\\/inscription\\\/#breadcrumb\",\"itemListElement\":[{\"@type\":\"ListItem\",\"position\":1,\"name\":\"Accueil\",\"item\":\"https:\\\/\\\/ecoledamelie.com\\\/primaire\\\/\"},{\"@type\":\"ListItem\",\"position\":2,\"name\":\"Inscription\"}]},{\"@type\":\"WebSite\",\"@id\":\"https:\\\/\\\/ecoledamelie.com\\\/primaire\\\/#website\",\"url\":\"https:\\\/\\\/ecoledamelie.com\\\/primaire\\\/\",\"name\":\"Primaire\",\"description\":\"Tableau de bord\",\"potentialAction\":[{\"@type\":\"SearchAction\",\"target\":{\"@type\":\"EntryPoint\",\"urlTemplate\":\"https:\\\/\\\/ecoledamelie.com\\\/primaire\\\/?s={search_term_string}\"},\"query-input\":{\"@type\":\"PropertyValueSpecification\",\"valueRequired\":true,\"valueName\":\"search_term_string\"}}],\"inLanguage\":\"fr-FR\"}]}<\/script>\n<!-- \/ Yoast SEO plugin. -->","yoast_head_json":{"title":"Inscription - Primaire","robots":{"index":"index","follow":"follow","max-snippet":"max-snippet:-1","max-image-preview":"max-image-preview:large","max-video-preview":"max-video-preview:-1"},"canonical":"https:\/\/ecoledamelie.com\/primaire\/inscription\/","og_locale":"fr_FR","og_type":"article","og_title":"Inscription - Primaire","og_description":"[vc_row full_width=\"stretch_row_content\"][vc_column offset=\"vc_col-lg-12\"][layerslider_vc id=\"1\"][\/vc_column][\/vc_row][vc_row full_width=\"stretch_row\"][vc_column offset=\"vc_col-lg-12\"][vc_custom_heading text=\"D\u00e9couvrez le programme d'\u00e9cole \u00e0 la maison pour le primaire\" font_container=\"tag:h1|text_align:center\" use_theme_fonts=\"yes\"][vc_column_text css_animation=\"bottom-to-top\"] Le...","og_url":"https:\/\/ecoledamelie.com\/primaire\/inscription\/","og_site_name":"Primaire","article_modified_time":"2026-04-30T18:59:43+00:00","twitter_card":"summary_large_image","twitter_misc":{"Dur\u00e9e de lecture estim\u00e9e":"4 minutes"},"schema":{"@context":"https:\/\/schema.org","@graph":[{"@type":"WebPage","@id":"https:\/\/ecoledamelie.com\/primaire\/inscription\/","url":"https:\/\/ecoledamelie.com\/primaire\/inscription\/","name":"Inscription - Primaire","isPartOf":{"@id":"https:\/\/ecoledamelie.com\/primaire\/#website"},"datePublished":"2021-09-22T15:26:54+00:00","dateModified":"2026-04-30T18:59:43+00:00","breadcrumb":{"@id":"https:\/\/ecoledamelie.com\/primaire\/inscription\/#breadcrumb"},"inLanguage":"fr-FR","potentialAction":[{"@type":"ReadAction","target":["https:\/\/ecoledamelie.com\/primaire\/inscription\/"]}]},{"@type":"BreadcrumbList","@id":"https:\/\/ecoledamelie.com\/primaire\/inscription\/#breadcrumb","itemListElement":[{"@type":"ListItem","position":1,"name":"Accueil","item":"https:\/\/ecoledamelie.com\/primaire\/"},{"@type":"ListItem","position":2,"name":"Inscription"}]},{"@type":"WebSite","@id":"https:\/\/ecoledamelie.com\/primaire\/#website","url":"https:\/\/ecoledamelie.com\/primaire\/","name":"Primaire","description":"Tableau de bord","potentialAction":[{"@type":"SearchAction","target":{"@type":"EntryPoint","urlTemplate":"https:\/\/ecoledamelie.com\/primaire\/?s={search_term_string}"},"query-input":{"@type":"PropertyValueSpecification","valueRequired":true,"valueName":"search_term_string"}}],"inLanguage":"fr-FR"}]}},"_links":{"self":[{"href":"https:\/\/ecoledamelie.com\/primaire\/wp-json\/wp\/v2\/pages\/30869","targetHints":{"allow":["GET"]}}],"collection":[{"href":"https:\/\/ecoledamelie.com\/primaire\/wp-json\/wp\/v2\/pages"}],"about":[{"href":"https:\/\/ecoledamelie.com\/primaire\/wp-json\/wp\/v2\/types\/page"}],"author":[{"embeddable":true,"href":"https:\/\/ecoledamelie.com\/primaire\/wp-json\/wp\/v2\/users\/1"}],"replies":[{"embeddable":true,"href":"https:\/\/ecoledamelie.com\/primaire\/wp-json\/wp\/v2\/comments?post=30869"}],"version-history":[{"count":24,"href":"https:\/\/ecoledamelie.com\/primaire\/wp-json\/wp\/v2\/pages\/30869\/revisions"}],"predecessor-version":[{"id":99284,"href":"https:\/\/ecoledamelie.com\/primaire\/wp-json\/wp\/v2\/pages\/30869\/revisions\/99284"}],"wp:attachment":[{"href":"https:\/\/ecoledamelie.com\/primaire\/wp-json\/wp\/v2\/media?parent=30869"}],"curies":[{"name":"wp","href":"https:\/\/api.w.org\/{rel}","templated":true}]}}